f 41495477?
7
What is the hundred thousands digit of 265004048?
0
What is the billions digit of 2367385739?
2
What is the millions digit of 24894102?
4
What is the hundreds digit of 1069982096?
0
What is the hundred millions digit of 112836285?
1
What is the tens digit of 1218275735?
3
What is the tens digit of 170121931?
3
What is the thousands digit of 29583825?
3
What is the hundred thousands digit of 61830131?
8
What is the hundred thousands digit of 723369904?
3
What is the ten thousands digit of 34351163?
5
What is the hundred millions digit of 165320966?
1
What is the hundred thousands digit of 316393230?
3
What is the millions digit of 491031897?
1
What is the hundred thousands digit of 106526124?
5
What is the ten millions digit of 3907265008?
0
What is the hundreds digit of 2404184352?
3
What is the millions digit of 88445263?
8
What is the millions digit of 17685762?
7
What is the tens digit of 227311326?
2
What is the ten millions digit of 5195716046?
9
What is the hundreds digit of 1883514188?
1
What is the ten millions digit of 1317748277?
1
What is the billions digit of 1068178403?
1
What is the ten thousands digit of 56668917?
6
What is the ten millions digit of 535238325?
3
What is the tens digit of 165178077?
7
What is the hundred millions digit of 126900958?
1
What is the hundreds digit of 66448932?
9
What is the ten millions digit of 759679559?
5
What is the units digit of 72157878?
8
What is the hundreds digit of 112522003?
0
What is the ten millions digit of 1267420698?
6
What is the hundreds digit of 112643464?
4
What is the hundred thousands digit of 320363549?
3
What is the millions digit of 8881861?
8
What is the tens digit of 187270051?
5
What is the millions digit of 60932409?
0
What is the thousands digit of 546098997?
8
What is the units digit of 394696101?
1
What is the hundred millions digit of 3501581150?
5
What is the hundreds digit of 1162477195?
1
What is the hundred millions digit of 317657170?
3
What is the units digit of 2606493238?
8
What is the hundred millions digit of 330930982?
3
What is the units digit of 4618366?
6
What is the thousands digit of 31840275?
0
What is the hundreds digit of 33090169?
1
What is the millions digit of 726381475?
6
What is the hundreds digit of 83483214?
2
What is the units digit of 62761947?
7
What is the units digit of 1897027525?
5
What is the thousands digit of 46736632?
6
What is the hundred thousands digit of 1180357340?
3
What is the tens digit of 1715773759?
5
What is the ten millions digit of 302950783?
0
What is the thousands digit of 1131091935?
1
What is the hundreds digit of 81573611?
6
What is the hundreds digit of 168128256?
2
What is the thousands digit of 9911986?
1
What is the millions digit of 5230624905?
0
What is the hundred millions digit of 458204969?
4
What is the units digit of 1071972916?
6
What is the ten millions digit of 161169457?
6
What is the millions digit of 45176821?
5
What is the hundreds digit of 3504108491?
4
What is the hundreds digit of 74969548?
5
What is the thousands digit of 38420248?
0
What is the units digit of 1450294725?
5
What is the hundreds digit of 139032233?
2
What is the ten millions digit of 3178342728?
7
What is the hundred millions digit of 3228733857?
2
What is the ten thousands digit of 6663970?
6
What is the tens digit of 3268293024?
2
What is the hundred thousands digit of 5457228745?
2
What is the hundred thousands digit of 3569280347?
2
What is the ten millions digit of 59806478?
5
What is the hundreds digit of 63216820?
8
What is the thousands digit of 57348138?
8
What is the ten millions digit of 243014994?
4
What is the millions digit of 2962666617?
2
What is the hundred millions digit of 1300916645?
3
What is the ten thousands digit of 290025623?
2
What is the billions digit of 2860902823?
2
What is the ten millions digit of 127702390?
2
What is the thousands digit of 396370189?
0
What is the hundred millions digit of 821969145?
8
What is the hundred millions digit of 1520836431?
5
What is the hundreds digit of 6759065203?
2
What is the thousands digit of 466691468?
1
What is the hundred millions digit of 6226085181?
2
What is the hundreds digit of 603138956?
9
What is the hundred thousands digit of 44562536?
5
What is the millions digit of 2238435437?
8
What is the ten millions digit of 241798657?
4
What is the ten millions digit of 613559516?
1
What is the ten millions digit of 12316998?
1
What is the tens digit of 995563383?
8
What is the thousands digit of 83501766?
1
What is the ten millions digit of 16097724?
1
What is the hundreds digit of 678637684?
6
What is the units digit of 84151326?
6
What is the tens digit of 77659068?
6
What is the hundred millions digit of 176272344?
1
What is the hundreds digit of 608800444?
4
What is the hundred millions digit of 7640962574?
6
What is the ten thousands digit of 5226982060?
8
What is the hundred thousands digit of 9945742?
9
What is the hundred thousands digit of 392213300?
2
What is the hundred thousands digit of 1798828413?
8
What is the tens digit of 4744461410?
1
What is the ten thousands digit of 87724915?
2
What is the units digit of 3444980017?
7
What is the ten thousands digit of 269904969?
0
What is the hundreds digit of 22450527?
5
What is the thousands digit of 208425407?
5
What is the millions digit of 460055102?
0
What is the hundreds digit of 55143972?
9
What is the ten thousands digit of 82200984?
0
What is the thousands digit of 402308575?
8
What is the units digit of 3381722090?
0
What is the thousands digit of 49002788?
2
What is the billions digit of 2810775941?
2
What is the hundred thousands digit of 508453741?
4
What is the millions digit of 27158317?
7
What is the units digit of 45572547?
7
What is the hundred millions digit of 4259767530?
2
What is the hundred millions digit of 171370707?
1
What is the hundred millions digit of 1046537084?
0
What is the hundred thousands digit of 253252664?
2
What is the hundred thousands digit of 1513367049?
3
What is the millions digit of 134084309?
4
What is the hundred thousands digit of 116495332?
4
What is the hundreds digit of 63166127?
1
What is the hundred thousands digit of 842912222?
9
What is the ten millions digit of 2292750538?
9
What is the units digit of 152467007?
7
What is the hundred thousands digit of 384327948?
3
What is the thousands digit of 102742786?
2
What is the tens digit of 54266217?
1
What is the hundred thousands digit of 635392646?
3
What is the tens digit of 169610115?
1
What is the millions digit of 62714247?
2
What is the ten thousands digit of 37403068?
0
What is the hundreds digit of 187026872?
8
What is the hundred millions digit of 991549729?
9
What is the thousands digit of 1998501177?
1
What is the hundreds digit of 223926385?
3
What is the hundreds digit of 94067619?
6
What is the units digit of 806091739?
9
What is the ten thousands digit of 12669673?
6
What is the ten millions digit of 113892696?
1
What is the hundred millions digit of 111903945?
1
What is the tens digit of 147487488?
8
What is the thousands digit of 768182350?
2
What is the thousands digit of 29554178?
4
What is the tens digit of 314158362?
6
What is the billions digit of 1265795511?
1
What is the hundreds digit of 1154965269?
2
What is the thousands digit of 547691015?
1
What is the thousands digit of 212080362?
0
What is the thousands digit of 359316593?
6
What is the hundred thousands digit of 47020671?
0
What is the hundred thousands digit of 66781552?
7
What is the units digit of 53021791?
1
What is the ten thousands digit of 29550283?
5
What is the tens digit of 69370820?
2
What is the ten thousands digit of 58260144?
6
What is the ten millions digit of 216712138?
1
What is the hundred millions digit of 1405800126?
4
What is the units digit of 28405604?
4
What is the ten thousands digit of 171624626?
2
What is the millions digit of 1498661442?
8
What is the thousands digit of 20499620?
9
What is the ten millions digit of 423084647?
2
What is the thousands digit of 21153379?
3
What is the hundred thousands digit of 2756515919?
5
What is the hundreds digit of 46492283?
2
What is the hundred thousands digit of 261350416?
3
What is the thousands digit of 197812265?
2
What is the uni